culate the greatest common divisor of o and i.
1
Let v(y) = 48 + y**2 + 5*y**3 - 48. Let m be v(3). Let s(p) = p + 12. Let k be s(4). What is the highest common divisor of m and k?
16
Let y be (-3776)/(-6) + 1 + 7/(-21). Calculate the greatest common divisor of 60 and y.
30
Let h(l) = -l**3 - 11*l**2 - 3*l - 24. Let n be h(-11). What is the greatest common divisor of n and 63?
9
Let s(d) = 80*d - 122. Let x be s(8). Calculate the greatest common factor of x and 74.
74
Suppose 1682 - 30922 = -5*d. Calculate the highest common divisor of d and 34.
34
Let z = 639 + -633. Calculate the highest common divisor of 96 and z.
6
Suppose 4*m - 3*r - 88 = 0, -3*r = 5*m - 41 - 96. Let u(k) = -2*k + 10. Let a be u(0). Calculate the greatest common divisor of m and a.
5
Suppose 0 = n - 23 - 145. Let j = -68 - -80. What is the greatest common divisor of n and j?
12
Let a = -50 - -56. Let n(k) = -k + 15. Let o be n(a). Calculate the greatest common factor of 9 and o.
9
Suppose -5*h - 3*i = 4, -h + i - 5*i = -6. Let g be h/(-6) + (-89)/(-3). Calculate the greatest common factor of g and 10.
10
Let a = -11 - -3. Let g be a/(-10)*(-45)/9. Let x be (-224)/(-22) - g/(-22). Calculate the highest common factor of 20 and x.
10
Suppose 57 = 11*v - 9. Suppose -b + 28 = z, -3*b - v*z = -9*z - 108. Calculate the greatest common factor of 16 and b.
16
Suppose 0 = 2*t - 109 - 35. Let v(x) = -17*x**3 + x**2 + x + 1. Let h = -9 - -8. Let m be v(h). Calculate the greatest common divisor of t and m.
18
Suppose 9*q - 4*k - 217 = 4*q, -k + 92 = 2*q. What is the greatest common factor of q and 60?
15
Suppose 0 = 5*q - 73 - 77. What is the greatest common divisor of q and 75?
15
Let z be (-696)/42 - 8/(-14). Let a = z + 19. Suppose -g - 3*b = -74, 0 - 6 = a*b. Calculate the greatest common divisor of 20 and g.
20
Let z = -682 - -687. Calculate the greatest common divisor of 4 and z.
1
Suppose 0 = -i + 4*y - 6 - 67, 5*i - 3*y + 348 = 0. Let f = -51 - i. What is the highest common factor of f and 126?
18
Suppose -5*h + 10*h = 5. Let j be (5/1 + h)/2. Suppose -56 = -j*o - o. What is the greatest common divisor of 70 and o?
14
Let m(d) be the first derivative of -9*d**2 - 4*d - 30. Let j be m(-1). What is the highest common factor of 28 and j?
14
Let s be (-1*8)/(8 + -10). What is the highest common factor of s and 1?
1
Suppose -4 + 1 = 3*h, 0 = f + 5*h + 1. Suppose 544 = 12*k - f*k. What is the greatest common factor of 34 and k?
34
Let h(b) = 10 - 10 - 8 - b. Let j be h(0). Let s = j - -15. What is the highest common factor of 1 and s?
1
Let t be (-52)/2*11/22. Let x = t + 22. Suppose 35 = 5*i - 10. What is the greatest common divisor of i and x?
9
Let l(t) = -t**2 - t. Let x(u) = 3*u**2 + 9*u + 2. Let b(n) = 4*l(n) + x(n). Let w be b(5). What is the greatest common divisor of w and 8?
2
Let o(s) = 3*s**2 + s - 6. Let y be o(2). Suppose -24 = -16*g + y*g. Calculate the highest common factor of 1 and g.
1
Let a be 20/(-90) + (-76)/(-18). Let n = 97 - 65. Let f = n - 20. What is the highest common divisor of f and a?
4
Suppose 13*p - 224 = -3*p. Calculate the highest common factor of 8 and p.
2
Suppose -2*p + 4*p = 5*w - 6, -3*w - 14 = p. Let g be p/((-2)/7 - 0). What is the greatest common divisor of 14 and g?
14
Suppose 2*m = 5*c + 1075 + 730, -2*m = 5*c - 1835. Calculate the greatest common factor of 65 and m.
65
Let i be 1572/66 - (1 + 39/(-33)). Suppose 4*n = -0*n - 4*h + 184, 0 = -2*h + 6. Suppose 0 = 4*o - 245 - n. What is the greatest common factor of o and i?
24
Let p = 5 - 22. Let z be 1 - ((-2)/(-2) + p). Suppose -z - 32 = -5*o - 4*l, -3*o - 2*l + 31 = 0. What is the highest common divisor of 13 and o?
13
Let m = -152 + 163. Let v = -9 + 61. Suppose 0 = -b + 6*b - o - 216, b = -2*o + v. What is the highest common factor of m and b?
11
Let d(k) = k**2 - 18*k - 33. Let f(j) = 3*j**2 - 3*j + 2. Let o be f(3). Let h be d(o). What is the highest common divisor of h and 56?
7
Suppose -6*c - 242 - 1126 = 0. Let n be -15*(-7)/((-140)/c). Suppose 5*t = 29 + n. What is the highest common factor of 10 and t?
10
Let h be ((-1608)/(-670))/(4*(-2)/(-20)). What is the greatest common factor of h and 501?
3
Suppose 0 = -s - 0*s + 2*v + 17, 5*v + 2 = -2*s. Suppose 15 - s = -2*t. Let f be (-1)/t - 670/(-15). What is the highest common divisor of 5 and f?
5
Let s be (-28)/(-6) - (-22)/(-33). Suppose -5*d = -3*y - 120, 0 = 4*d + s*y - 0*y - 128. What is the highest common divisor of 3 and d?
3
Let r(j) = -j + 12. Let t be r(0). What is the highest common factor of 66 and t?
6
Suppose -3*g + 2*g + 16 = c, 73 = 5*c - 2*g. Calculate the greatest common divisor of c and 885.
15
Suppose 8*q - 7*q + 42 = 0. Let j be (3/(-9))/(2/q). Suppose -6*f = -j*f + 55. What is the highest common divisor of 5 and f?
5
Let l be (2*-5)/(0 + -1). Let g(f) = -2*f**2 + 20*f - 12. Let n be g(9). Let b be (160/n)/(84/(-18) + 5). Calculate the highest common divisor of l and b.
10
Let s(h) = 2*h**3 - 4*h**2 + h - 1. Let a be s(3). Let n = -52 + 57. What is the greatest common factor of n and a?
5
Suppose 40 - 56 = -4*z. Suppose 3*c - 14 - 22 = 0. Suppose -5*u + 1 = -2*a - 3, 0 = 2*a - u - c. What is the highest common divisor of z and a?
4
Suppose -4*m + 3*h + 296 = 0, -67 = -m + 9*h - 10*h. What is the greatest common divisor of 2485 and m?
71
Suppose -6*x + 5*z - 6103 = -9*x, -2029 = -x - 3*z. What is the highest common factor of 13 and x?
13
Suppose 0 = 3*i - q - 401, 0 = -i + 3*q + 9 + 114. What is the highest common factor of 15 and i?
15
Let v(q) = -139 + 74 + q**2 + q + 70 - 4*q. Let y be v(2). What is the highest common factor of 21 and y?
3
Let a be 3*((-16)/(-3) - 0). Suppose y = -h + 11, 5*y - 6*h - 105 = -h. Calculate the greatest common divisor of a and y.
16
Let o = 368 - 364. Let q be (3/6)/(2/348). Suppose 5*p - 93 = -o*z, -2*z - p - q = -6*z. Calculate the greatest common divisor of z and 33.
11
Let m(p) = p**3 + p**2 - 36*p - 31. Let g be m(-6). Calculate the highest common factor of 1 and g.
1
Suppose -m + 4 = 0, 12*d + 2*m = 16*d - 376. Calculate the greatest common factor of 96 and d.
96
Suppose -j + 6*j = 15. Suppose 0 = -j*m - 12. Let w = 37 + m. Calculate the highest common factor of w and 11.
11
Suppose 4*h + 5*h - 54 = 0. Suppose 0 = -h*u + 11 + 13. Calculate the greatest common factor of u and 12.
4
Let k = 12 + -7. Suppose -k*c = -z + 30, -3*c - 16 = 3*z + 2. Let r be c - -6 - (-1 + -27). Calculate the highest common factor of 252 and r.
28
Let l be 8 + (60/(-18))/((-14)/189). Calculate the greatest common factor of l and 4717.
53
Let j be ((-3)/(-21))/(14/196) - -4. Calculate the greatest common factor of 26 and j.
2
Let z(q) = -q + 22. Let c be z(6). Let g be (2 + c/(-4) + -18)*-1. Calculate the highest common factor of g and 10.
10
Let o be ((-1)/2)/(1/(-310)). Let f(a) = a**3 + 14*a**2 + a - 359. Let v be f(-10). What is the greatest common divisor of o and v?
31
Let n = -28 - -32. Let f be 16/7 + (-18)/63. Calculate the highest common factor of f and n.
2
Suppose -13*d = -35*d + 4928. What is the greatest common factor of d and 42?
14
Let w = 3 - 5. Let v be (-152)/w - (0 + -1). What is the highest common factor of v and 11?
11
Let j be (-44)/(-6) + (-8)/(-12). Let q be 3*16/(-36)*-69. Suppose -5*k = -3*n - q, -3*n = k - 5*k + 76. What is the greatest common factor of j and k?
8
Let b(x) = 45*x + 204. Let u be b(5). Suppose -3*c + 0*c + 117 = 0. Calculate the highest common divisor of u and c.
39
Suppose 0 = -5*w - 0*w + 10. Suppose 4*s + 6 = w*n, -4*n = -5*s + 4 - 19. Suppose -16 = 3*k - n*k. What is the highest common divisor of k and 4?
4
Suppose -432 = 17*u - 2812. Calculate the highest common factor of u and 35.
35
Suppose 22*a = 6181 + 5083. What is the greatest common divisor of a and 32?
32
Suppose 19*l - 90 = 13*l. What is the greatest common factor of 435 and l?
15
Let j(r) = -r**2 - r. Let b(v) = 8*v**2 - 3*v. Let o(h) = b(h) - 2*j(h). Let c = 2 + -1. Let u be o(c). Calculate the highest common factor of u and 18.
9
Let b be (-1)/(1/(-28)) - -2. Suppose 35*k - 50 = b*k. Suppose -234 = k*w - 12*w. What is the greatest common factor of w and 13?
13
Let o be (-2)/(-1)*28/(-70)*-65. Let y(a) = -a**2 + 9*a + 13. Let k be y(10). Suppose k*m - 186 = 48. Calculate the greatest com